{"id":104,"date":"2024-12-06T10:44:29","date_gmt":"2024-12-06T07:44:29","guid":{"rendered":"http:\/\/localhost\/BIGEP\/?page_id=104"},"modified":"2024-12-24T22:08:54","modified_gmt":"2024-12-24T19:08:54","slug":"metip","status":"publish","type":"page","link":"https:\/\/akcakaleaybis.com\/bigep\/metip\/","title":{"rendered":"metip"},"content":{"rendered":"\t\t<div data-elementor-type=\"wp-page\" data-elementor-id=\"104\" class=\"elementor elementor-104\">\n\t\t\t\t\t\t<section class=\"elementor-section elementor-top-section elementor-element elementor-element-e2ae454 elementor-section-boxed elementor-section-height-default elementor-section-height-default wpr-particle-no wpr-jarallax-no wpr-parallax-no wpr-sticky-section-no\" data-id=\"e2ae454\" data-element_type=\"section\">\n\t\t\t\t\t\t<div class=\"elementor-container elementor-column-gap-default\">\n\t\t\t\t\t<div class=\"elementor-column elementor-col-100 elementor-top-column elementor-element elementor-element-5b4c331\" data-id=\"5b4c331\" data-element_type=\"column\">\n\t\t\t<div class=\"elementor-widget-wrap elementor-element-populated\">\n\t\t\t\t\t\t<div class=\"elementor-element elementor-element-e468ebf elementor-widget elementor-widget-spacer\" data-id=\"e468ebf\" data-element_type=\"widget\" data-widget_type=\"spacer.default\">\n\t\t\t\t<div class=\"elementor-widget-container\">\n\t\t\t\t\t<div class=\"elementor-spacer\">\n\t\t\t<div class=\"elementor-spacer-inner\"><\/div>\n\t\t<\/div>\n\t\t\t\t<\/div>\n\t\t\t\t<\/div>\n\t\t\t\t\t<\/div>\n\t\t<\/div>\n\t\t\t\t\t<\/div>\n\t\t<\/section>\n\t\t\t\t<section class=\"elementor-section elementor-top-section elementor-element elementor-element-42ef749 elementor-section-boxed elementor-section-height-default elementor-section-height-default wpr-particle-no wpr-jarallax-no wpr-parallax-no wpr-sticky-section-no elementor-invisible\" data-id=\"42ef749\" data-element_type=\"section\" data-settings=\"{&quot;background_background&quot;:&quot;classic&quot;,&quot;animation&quot;:&quot;fadeInDown&quot;}\">\n\t\t\t\t\t\t<div class=\"elementor-container elementor-column-gap-default\">\n\t\t\t\t\t<div class=\"elementor-column elementor-col-100 elementor-top-column elementor-element elementor-element-2a4680d\" data-id=\"2a4680d\" data-element_type=\"column\">\n\t\t\t<div class=\"elementor-widget-wrap elementor-element-populated\">\n\t\t\t\t\t\t<div class=\"elementor-element elementor-element-705299d elementor-widget elementor-widget-heading\" data-id=\"705299d\" data-element_type=\"widget\" data-widget_type=\"heading.default\">\n\t\t\t\t<div class=\"elementor-widget-container\">\n\t\t\t<h3 class=\"elementor-heading-title elementor-size-default\">Mevsimlik Tar\u0131m \u0130\u015f\u00e7ileri Projesi (MET\u0130P)<\/h3>\t\t<\/div>\n\t\t\t\t<\/div>\n\t\t\t\t<div class=\"elementor-element elementor-element-3c925be elementor-widget elementor-widget-text-editor\" data-id=\"3c925be\" data-element_type=\"widget\" data-widget_type=\"text-editor.default\">\n\t\t\t\t<div class=\"elementor-widget-container\">\n\t\t\t\t\t\t\t<p>\u015eanl\u0131urfa\u2019daki mevsimlik tar\u0131m i\u015f\u00e7ileri ile g\u00f6\u00e7er ve yar\u0131 g\u00f6\u00e7er ailelerin \u00e7ocuklar\u0131n\u0131n e\u011fitim \u00f6\u011fretim s\u00fcrecinden mahrum kalmamas\u0131 i\u00e7in al\u0131nacak \u00f6nlemler planlanmaktad\u0131r. Bu kapsamda \u00f6\u011frencinin ailesinin yan\u0131nda gidi\u015finin engellenmesi, geciktirilmesi, \u00f6\u011frencinin gitti\u011fi yerde okula devam\u0131n\u0131n sa\u011flanmas\u0131 ve \u00f6\u011frenme kay\u0131plar\u0131n\u0131n giderilmesi ba\u015fl\u0131klar\u0131ndan yola \u00e7\u0131k\u0131larak bu proje olu\u015fturulmu\u015ftur. Bu s\u00fcrece dahil olan \u00f6\u011frencilerin say\u0131sal verileri, gidilen iller, e\u011fitim-\u00f6\u011fretim s\u00fcrecine y\u00f6nelik verilerin toplan\u0131p takip edilmesi il i\u00e7i ve il d\u0131\u015f\u0131 yap\u0131lmas\u0131 gereken \u00e7al\u0131\u015fmalarla \u00a0y\u00fcr\u00fct\u00fclmesi planlanmaktad\u0131r. Ayn\u0131 zamanda projemiz Milli E\u011fitim Bakanl\u0131\u011f\u0131 2024 \/ 52 say\u0131l\u0131 y\u00f6nergesinin %95&#8217;ini Cumhurba\u015fkanl\u0131\u011f\u0131 2024 \/ 5 say\u0131l\u0131 genelgesinin ana unsurunu olu\u015fturmaktad\u0131r.<\/p>\t\t\t\t\t\t<\/div>\n\t\t\t\t<\/div>\n\t\t\t\t\t<\/div>\n\t\t<\/div>\n\t\t\t\t\t<\/div>\n\t\t<\/section>\n\t\t\t\t<section class=\"elementor-section elementor-top-section elementor-element elementor-element-f41ab74 elementor-section-boxed elementor-section-height-default elementor-section-height-default wpr-particle-no wpr-jarallax-no wpr-parallax-no wpr-sticky-section-no elementor-invisible\" data-id=\"f41ab74\" data-element_type=\"section\" data-settings=\"{&quot;animation&quot;:&quot;fadeInUp&quot;}\">\n\t\t\t\t\t\t<div class=\"elementor-container elementor-column-gap-default\">\n\t\t\t\t\t<div class=\"elementor-column elementor-col-100 elementor-top-column elementor-element elementor-element-e1460a0\" data-id=\"e1460a0\" data-element_type=\"column\">\n\t\t\t<div class=\"elementor-widget-wrap elementor-element-populated\">\n\t\t\t\t\t\t<div class=\"elementor-element elementor-element-386b3ce elementor-arrows-position-inside elementor-pagination-position-outside elementor-widget elementor-widget-image-carousel\" data-id=\"386b3ce\" data-element_type=\"widget\" data-settings=\"{&quot;navigation&quot;:&quot;both&quot;,&quot;autoplay&quot;:&quot;yes&quot;,&quot;pause_on_hover&quot;:&quot;yes&quot;,&quot;pause_on_interaction&quot;:&quot;yes&quot;,&quot;autoplay_speed&quot;:5000,&quot;infinite&quot;:&quot;yes&quot;,&quot;speed&quot;:500}\" data-widget_type=\"image-carousel.default\">\n\t\t\t\t<div class=\"elementor-widget-container\">\n\t\t\t\t\t<div class=\"elementor-image-carousel-wrapper swiper\" dir=\"ltr\">\n\t\t\t<div class=\"elementor-image-carousel swiper-wrapper\" aria-live=\"off\">\n\t\t\t\t\t\t\t\t<div class=\"swiper-slide\" role=\"group\" aria-roledescription=\"slide\" aria-label=\"1 \/ 5\"><figure class=\"swiper-slide-inner\"><img decoding=\"async\" class=\"swiper-slide-image\" src=\"https:\/\/akcakaleaybis.com\/bigep\/wp-content\/uploads\/2024\/12\/BIGEP-_3_.jpg\" alt=\"BIGEP-_3_\" \/><\/figure><\/div><div class=\"swiper-slide\" role=\"group\" aria-roledescription=\"slide\" aria-label=\"2 \/ 5\"><figure class=\"swiper-slide-inner\"><img decoding=\"async\" class=\"swiper-slide-image\" src=\"https:\/\/akcakaleaybis.com\/bigep\/wp-content\/uploads\/2024\/12\/09163308_dsc_9231.jpg\" alt=\"09163308_dsc_9231\" \/><\/figure><\/div><div class=\"swiper-slide\" role=\"group\" aria-roledescription=\"slide\" aria-label=\"3 \/ 5\"><figure class=\"swiper-slide-inner\"><img decoding=\"async\" class=\"swiper-slide-image\" src=\"https:\/\/akcakaleaybis.com\/bigep\/wp-content\/uploads\/2024\/12\/351_3.jpg\" alt=\"T\u00fcrkiye&#039;nin en \u00f6nemli kay\u0131s\u0131 \u00fcretim merkezi Malatya&#039;da mevsimlik tar\u0131m i\u015f\u00e7ilerinin zorlu mesaisi ba\u015flad\u0131. \u015eanl\u0131urfa, Ad\u0131yaman ve Diyarbak\u0131r gibi illerden Malatya&#039;ya gelerek sabah\u0131n ilk \u0131\u015f\u0131klar\u0131yla mesaiye ba\u015flayan i\u015f\u00e7iler, kay\u0131s\u0131 silkeleme, toplama ve serme i\u015flerini yap\u0131yor. ( Volkan Ka\u015fik - Anadolu Ajans\u0131 )\" \/><\/figure><\/div><div class=\"swiper-slide\" role=\"group\" aria-roledescription=\"slide\" aria-label=\"4 \/ 5\"><figure class=\"swiper-slide-inner\"><img decoding=\"async\" class=\"swiper-slide-image\" src=\"https:\/\/akcakaleaybis.com\/bigep\/wp-content\/uploads\/2024\/12\/351_2.jpg\" alt=\"Diyarbak\u0131r&#039;\u0131n Karacada\u011f b\u00f6lgesinde mevsimlik tar\u0131m i\u015f\u00e7ileri, 4 bin d\u00f6n\u00fcm alanda, 40 dereceyi ge\u00e7en s\u0131cakta domatesleri kesip, tuzlay\u0131p kurumaya b\u0131rak\u0131yor. \u0130\u015f\u00e7iler, g\u00fcne\u015ften korunmak i\u00e7in b\u00fcy\u00fck \u00e7aba g\u00f6steriyor.  ( Bestami Bodruk - Anadolu Ajans\u0131 )\" \/><\/figure><\/div><div class=\"swiper-slide\" role=\"group\" aria-roledescription=\"slide\" aria-label=\"5 \/ 5\"><figure class=\"swiper-slide-inner\"><img decoding=\"async\" class=\"swiper-slide-image\" src=\"https:\/\/akcakaleaybis.com\/bigep\/wp-content\/uploads\/2024\/12\/351_4.jpg\" alt=\"T\u00fcrkiye&#039;nin en \u00f6nemli kay\u0131s\u0131 \u00fcretim merkezi Malatya&#039;da mevsimlik tar\u0131m i\u015f\u00e7ilerinin zorlu mesaisi ba\u015flad\u0131. \u015eanl\u0131urfa, Ad\u0131yaman ve Diyarbak\u0131r gibi illerden Malatya&#039;ya gelerek sabah\u0131n ilk \u0131\u015f\u0131klar\u0131yla mesaiye ba\u015flayan i\u015f\u00e7iler, kay\u0131s\u0131 silkeleme, toplama ve serme i\u015flerini yap\u0131yor. ( Volkan Ka\u015fik - Anadolu Ajans\u0131 )\" \/><\/figure><\/div>\t\t\t<\/div>\n\t\t\t\t\t\t\t\t\t\t\t\t<div class=\"elementor-swiper-button elementor-swiper-button-prev\" role=\"button\" tabindex=\"0\">\n\t\t\t\t\t\t<svg aria-hidden=\"true\" class=\"e-font-icon-svg e-eicon-chevron-left\" viewBox=\"0 0 1000 1000\" xmlns=\"http:\/\/www.w3.org\/2000\/svg\"><path d=\"M646 125C629 125 613 133 604 142L308 442C296 454 292 471 292 487 292 504 296 521 308 533L604 854C617 867 629 875 646 875 663 875 679 871 692 858 704 846 713 829 713 812 713 796 708 779 692 767L438 487 692 225C700 217 708 204 708 187 708 171 704 154 692 142 675 129 663 125 646 125Z\"><\/path><\/svg>\t\t\t\t\t<\/div>\n\t\t\t\t\t<div class=\"elementor-swiper-button elementor-swiper-button-next\" role=\"button\" tabindex=\"0\">\n\t\t\t\t\t\t<svg aria-hidden=\"true\" class=\"e-font-icon-svg e-eicon-chevron-right\" viewBox=\"0 0 1000 1000\" xmlns=\"http:\/\/www.w3.org\/2000\/svg\"><path d=\"M696 533C708 521 713 504 713 487 713 471 708 454 696 446L400 146C388 133 375 125 354 125 338 125 325 129 313 142 300 154 292 171 292 187 292 204 296 221 308 233L563 492 304 771C292 783 288 800 288 817 288 833 296 850 308 863 321 871 338 875 354 875 371 875 388 867 400 854L696 533Z\"><\/path><\/svg>\t\t\t\t\t<\/div>\n\t\t\t\t\n\t\t\t\t\t\t\t\t\t<div class=\"swiper-pagination\"><\/div>\n\t\t\t\t\t\t\t\t\t<\/div>\n\t\t\t\t<\/div>\n\t\t\t\t<\/div>\n\t\t\t\t\t<\/div>\n\t\t<\/div>\n\t\t\t\t\t<\/div>\n\t\t<\/section>\n\t\t\t\t<section class=\"elementor-section elementor-top-section elementor-element elementor-element-9561def elementor-section-boxed elementor-section-height-default elementor-section-height-default wpr-particle-no wpr-jarallax-no wpr-parallax-no wpr-sticky-section-no\" data-id=\"9561def\" data-element_type=\"section\">\n\t\t\t\t\t\t<div class=\"elementor-container elementor-column-gap-default\">\n\t\t\t\t\t<div class=\"elementor-column elementor-col-100 elementor-top-column elementor-element elementor-element-c3e8f35\" data-id=\"c3e8f35\" data-element_type=\"column\">\n\t\t\t<div class=\"elementor-widget-wrap elementor-element-populated\">\n\t\t\t\t\t\t<div class=\"elementor-element elementor-element-a00b8e7 wpr-table-align-items-center animated-slow wpr-data-table-type-custom elementor-invisible elementor-widget elementor-widget-wpr-data-table\" data-id=\"a00b8e7\" data-element_type=\"widget\" data-settings=\"{&quot;_animation&quot;:&quot;fadeIn&quot;}\" data-widget_type=\"wpr-data-table.default\">\n\t\t\t\t<div class=\"elementor-widget-container\">\n\t\t\t\n\t\t\t\t\n\t\t<div class=\"wpr-table-container\">\n\t\t<div class=\"wpr-table-inner-container \" data-table-sorting=\"no\" data-custom-pagination=\"no\" data-row-pagination=\"yes\" data-entry-info=\"no\" data-rows-per-page=\"\">\n\n\t\t\n\t\t\t<table class=\"wpr-data-table\" id=\"wpr-data-table\">\n\t\t\t\t\t\t\t\t\n\t\t\t\t<thead>\n\t\t\t\t\t<tr class=\"wpr-table-head-row wpr-table-row\">\n\t\t\t\t\t\n\t\t\t\t\t\t<th class=\"wpr-table-th elementor-repeater-item-f3b140e\" colspan=\"1\">\n\t\t\t\t\t\t\t<div class=\"\">\n\t\t\t\t\t\t\t\t\t\t\t\t\t\t\t\t\n\t\t\t\t\t\t\t\t\t\t\t\t\t\t\t\t\t<span class=\"wpr-table-text\">\u00d6NLEME<\/span>\n\t\t\t\t\t\t\t\t\t\t\t\t\t\t\t\t\t\t\t\t\t\t\t\t\t\t\t\t\t\t\t\t\t\t\t\t\t\t\t\t\t\t\t\t\t\t\t<\/div>\n\t\t\t\t\t\t<\/th>\n\t\t\t\t\t\t\n\t\t\t\t\t\t<th class=\"wpr-table-th elementor-repeater-item-de10811\" colspan=\"1\">\n\t\t\t\t\t\t\t<div class=\"\">\n\t\t\t\t\t\t\t\t\t\t\t\t\t\t\t\t\n\t\t\t\t\t\t\t\t\t\t\t\t\t\t\t\t\t<span class=\"wpr-table-text\">TESP\u0130T<\/span>\n\t\t\t\t\t\t\t\t\t\t\t\t\t\t\t\t\t\t\t\t\t\t\t\t\t\t\t\t\t\t\t\t\t\t\t\t\t\t\t\t\t\t\t\t\t\t\t<\/div>\n\t\t\t\t\t\t<\/th>\n\t\t\t\t\t\t\n\t\t\t\t\t\t<th class=\"wpr-table-th elementor-repeater-item-f512a3b\" colspan=\"1\">\n\t\t\t\t\t\t\t<div class=\"\">\n\t\t\t\t\t\t\t\t\t\t\t\t\t\t\t\t\n\t\t\t\t\t\t\t\t\t\t\t\t\t\t\t\t\t<span class=\"wpr-table-text\">TAK\u0130P<\/span>\n\t\t\t\t\t\t\t\t\t\t\t\t\t\t\t\t\t\t\t\t\t\t\t\t\t\t\t\t\t\t\t\t\t\t\t\t\t\t\t\t\t\t\t\t\t\t\t<\/div>\n\t\t\t\t\t\t<\/th>\n\t\t\t\t\t\t\n\t\t\t\t\t\t<th class=\"wpr-table-th elementor-repeater-item-5450937\" colspan=\"1\">\n\t\t\t\t\t\t\t<div class=\"\">\n\t\t\t\t\t\t\t\t\t\t\t\t\t\t\t\t\n\t\t\t\t\t\t\t\t\t\t\t\t\t\t\t\t\t<span class=\"wpr-table-text\">TELAF\u0130<\/span>\n\t\t\t\t\t\t\t\t\t\t\t\t\t\t\t\t\t\t\t\t\t\t\t\t\t\t\t\t\t\t\t\t\t\t\t\t\t\t\t\t\t\t\t\t\t\t\t<\/div>\n\t\t\t\t\t\t<\/th>\n\t\t\t\t\t\t\t\t\t\t\t<\/tr>\n\t\t\t\t<\/thead>\n\n\t\t\t\t<tbody>\n\t\t\t\t\t\t\t\t\t<tr class=\"wpr-table-body-row wpr-table-row elementor-repeater-item-a4a834c wpr-odd\">\n\t\t\t\t\t\t\t\t\t\t\t\t\t\n\t\t\t\t\t\t\t<td colspan=\"\" rowspan=\"\" class=\"elementor-repeater-item-cbf38cb wpr-table-td\">\n\n\t\t\t\t\t\t\t\t<div class=\"wpr-td-content-wrapper \">\n\n\t\t\t\t\t\t\t\t\t\t\t\t\t\t\t\t\t\t\t\t\t\t\t\t\t\t\t\t\t<a href=\"https:\/\/royal-elementor-addons.com\/\" target=\"_blank\">\n\t\t\t\t\t\t\t\t\t \n\t\t\t\t\t\t\t\t\t\t\t<span class=\"wpr-table-text\">\n\t\t\t\t\t\t\t\t\t\t\t\tOkullarda, ailesi MT\u0130 oldu\u011fu tespit edilen \u00f6\u011frencilerin velilerine \u00f6\u011frencisinin okula devam\u0131n\u0131\nsa\u011flamas\u0131 i\u00e7in alternatif se\u00e7enekler sunulacakt\u0131r.\nOrtaokul ve lise \u00f6\u011frencilerinin okuldan kopmamas\u0131 i\u00e7in pansiyon imk\u00e2n\u0131 sunulacakt\u0131r. \u00c7ocu\u011funu\nbakabilecek bir b\u00fcy\u00fc\u011f\u00fc ile evde b\u0131rakacak imk\u00e2n\u0131 varsa, ihtiya\u00e7 sahibi ailelerin SYDV \u00fczerinden\ndesteklenmeleri sa\u011flanacakt\u0131r. Aileleri, mevsimlik tar\u0131m i\u015f\u00e7isiyken okul hayat\u0131na devam etmi\u015f ve\nba\u015far\u0131l\u0131 olmu\u015f rol model ki\u015filerin seminerlerle s\u00fcrece katk\u0131da bulunmalar\u0131 sa\u011flanacakt\u0131r.\t\t\t\t\t\t\t\t\t\t\t<\/span>\n\t\t\t\t\t\t\t\t\t\t\t\t\t\t\t\t\t\t\t\t<\/a>\n\t\t\t\t\t\t\t\t\t\t\t\t\t\t\t\t\t\t\t\t\t\t\t\t\t\t\t\t\n\t\t\t\t\t\t\t\t<\/div>\n\n\t\t\t\t\t\t\t<\/td>\n\t\t\t\t\t\t\t\t\t\t\t\t\t\t\t\n\t\t\t\t\t\t\t<td colspan=\"\" rowspan=\"\" class=\"elementor-repeater-item-f03f013 wpr-table-td\">\n\n\t\t\t\t\t\t\t\t<div class=\"wpr-td-content-wrapper \">\n\n\t\t\t\t\t\t\t\t\t\t\t\t\t\t\t\t\t\t\t\t\t\t\t\t\t\t\t\t\t<a href=\"https:\/\/royal-elementor-addons.com\/\" target=\"_blank\">\n\t\t\t\t\t\t\t\t\t \n\t\t\t\t\t\t\t\t\t\t\t<span class=\"wpr-table-text\">\n\t\t\t\t\t\t\t\t\t\t\t\t\u015eanl\u0131urfa\u2019dan di\u011fer illere g\u00f6\u00e7 eden ve il s\u0131n\u0131rlar\u0131 i\u00e7erisinde aileleriyle birlikte mevsimlik\ntar\u0131ma gitmek zorunda kalan \u00f6\u011frenciler tespit edilecektir. \u00d6\u011frencilerin say\u0131sal verileri tutulacak ve\ntakipleri sa\u011flanacakt\u0131r.\n\u0130l i\u00e7i ve il d\u0131\u015f\u0131 giden \u00f6\u011frencilerin gittikleri yerler, bu yerlerde kalma s\u00fcreleri ve bu yerlerdeki e\u011fitim\nimk\u00e2nlar\u0131 tespit edilecektir. \t\t\t\t\t\t\t\t\t\t\t<\/span>\n\t\t\t\t\t\t\t\t\t\t\t\t\t\t\t\t\t\t\t\t<\/a>\n\t\t\t\t\t\t\t\t\t\t\t\t\t\t\t\t\t\t\t\t\t\t\t\t\t\t\t\t\n\t\t\t\t\t\t\t\t<\/div>\n\n\t\t\t\t\t\t\t<\/td>\n\t\t\t\t\t\t\t\t\t\t\t\t\t\t\t\n\t\t\t\t\t\t\t<td colspan=\"\" rowspan=\"\" class=\"elementor-repeater-item-376fae1 wpr-table-td\">\n\n\t\t\t\t\t\t\t\t<div class=\"wpr-td-content-wrapper \">\n\n\t\t\t\t\t\t\t\t\t\t\t\t\t\t\t\t\t\t\t\t\t\t\t\t\t\t\t\t\t<a href=\"https:\/\/royal-elementor-addons.com\/\" target=\"_blank\">\n\t\t\t\t\t\t\t\t\t \n\t\t\t\t\t\t\t\t\t\t\t<span class=\"wpr-table-text\">\n\t\t\t\t\t\t\t\t\t\t\t\tMT\u0130 aileleri \u00f6\u011frencilerinin e\u011fitim s\u00fcre\u00e7lerinin etkili bir \u015fekilde y\u00f6nlendirilmesi ve\ndesteklenmesi i\u00e7in belirli bir takip s\u00fcreci planlanm\u0131\u015ft\u0131r. Bu s\u00fcrecin amac\u0131; \u00f6\u011frencilerin e\u011fitimde\ns\u00fcreklili\u011fini sa\u011flamak, olas\u0131 aksakl\u0131klar\u0131 erken tespit etmek ve gerekli m\u00fcdahaleleri zaman\u0131nda\nyapmakt\u0131r. Takip s\u00fcreci il i\u00e7i ve il d\u0131\u015f\u0131 olarak planlanm\u0131\u015ft\u0131r.\t\t\t\t\t\t\t\t\t\t\t<\/span>\n\t\t\t\t\t\t\t\t\t\t\t\t\t\t\t\t\t\t\t\t<\/a>\n\t\t\t\t\t\t\t\t\t\t\t\t\t\t\t\t\t\t\t\t\t\t\t\t\t\t\t\t\n\t\t\t\t\t\t\t\t<\/div>\n\n\t\t\t\t\t\t\t<\/td>\n\t\t\t\t\t\t\t\t\t\t\t\t\t\t\t\n\t\t\t\t\t\t\t<td colspan=\"\" rowspan=\"\" class=\"elementor-repeater-item-a6f0ba6 wpr-table-td\">\n\n\t\t\t\t\t\t\t\t<div class=\"wpr-td-content-wrapper \">\n\n\t\t\t\t\t\t\t\t\t\t\t\t\t\t\t\t\t\t\t\t\t\t\t\t\t\t\t\t\t<a href=\"https:\/\/royal-elementor-addons.com\/\" target=\"_blank\">\n\t\t\t\t\t\t\t\t\t \n\t\t\t\t\t\t\t\t\t\t\t<span class=\"wpr-table-text\">\n\t\t\t\t\t\t\t\t\t\t\t\tTelafi s\u00fcreci MT\u0130 olarak il i\u00e7i v e ilimiz d\u0131\u015f\u0131na giden \u00f6\u011frencilerin geldikleri andan itibaren\ne\u011fitim-\u00f6\u011fretim durumlar\u0131na g\u00f6re eksikliklerini tamamlamaya odaklanarak planlanm\u0131\u015ft\u0131r.\t\t\t\t\t\t\t\t\t\t\t<\/span>\n\t\t\t\t\t\t\t\t\t\t\t\t\t\t\t\t\t\t\t\t<\/a>\n\t\t\t\t\t\t\t\t\t\t\t\t\t\t\t\t\t\t\t\t\t\t\t\t\t\t\t\t\n\t\t\t\t\t\t\t\t<\/div>\n\n\t\t\t\t\t\t\t<\/td>\n\t\t\t\t\t\t\t\t\t\t\t\t<\/tr>\n\t\t\t        \t\t\t\t<\/tbody>\n\t\t\t<\/table>\n\t\t<\/div>\n\t\t<\/div>\n    \t\t\t<\/div>\n\t\t\t\t<\/div>\n\t\t\t\t\t<\/div>\n\t\t<\/div>\n\t\t\t\t\t<\/div>\n\t\t<\/section>\n\t\t\t\t<section class=\"elementor-section elementor-top-section elementor-element elementor-element-e063cf0 elementor-section-boxed elementor-section-height-default elementor-section-height-default wpr-particle-no wpr-jarallax-no wpr-parallax-no wpr-sticky-section-no\" data-id=\"e063cf0\" data-element_type=\"section\">\n\t\t\t\t\t\t<div class=\"elementor-container elementor-column-gap-default\">\n\t\t\t\t\t<div class=\"elementor-column elementor-col-100 elementor-top-column elementor-element elementor-element-ac507cc\" data-id=\"ac507cc\" data-element_type=\"column\">\n\t\t\t<div class=\"elementor-widget-wrap elementor-element-populated\">\n\t\t\t\t\t\t<div class=\"elementor-element elementor-element-22786ef elementor-widget elementor-widget-spacer\" data-id=\"22786ef\" data-element_type=\"widget\" data-widget_type=\"spacer.default\">\n\t\t\t\t<div class=\"elementor-widget-container\">\n\t\t\t\t\t<div class=\"elementor-spacer\">\n\t\t\t<div class=\"elementor-spacer-inner\"><\/div>\n\t\t<\/div>\n\t\t\t\t<\/div>\n\t\t\t\t<\/div>\n\t\t\t\t\t<\/div>\n\t\t<\/div>\n\t\t\t\t\t<\/div>\n\t\t<\/section>\n\t\t\t\t<\/div>\n\t\t","protected":false},"excerpt":{"rendered":"<p>Mevsimlik Tar\u0131m \u0130\u015f\u00e7ileri Projesi (MET\u0130P) \u015eanl\u0131urfa\u2019daki mevsimlik tar\u0131m i\u015f\u00e7ileri ile g\u00f6\u00e7er ve yar\u0131 g\u00f6\u00e7er ailelerin \u00e7ocuklar\u0131n\u0131n e\u011fitim \u00f6\u011fretim s\u00fcrecinden mahrum kalmamas\u0131 i\u00e7in al\u0131nacak \u00f6nlemler planlanmaktad\u0131r. Bu kapsamda \u00f6\u011frencinin ailesinin yan\u0131nda gidi\u015finin engellenmesi, geciktirilmesi, \u00f6\u011frencinin gitti\u011fi yerde okula devam\u0131n\u0131n sa\u011flanmas\u0131 ve \u00f6\u011frenme kay\u0131plar\u0131n\u0131n giderilmesi ba\u015fl\u0131klar\u0131ndan yola \u00e7\u0131k\u0131larak bu proje olu\u015fturulmu\u015ftur. Bu s\u00fcrece dahil olan \u00f6\u011frencilerin say\u0131sal verileri, gidilen iller, e\u011fitim-\u00f6\u011fretim s\u00fcrecine y\u00f6nelik verilerin toplan\u0131p takip edilmesi il i\u00e7i ve il d\u0131\u015f\u0131 yap\u0131lmas\u0131 gereken \u00e7al\u0131\u015fmalarla \u00a0y\u00fcr\u00fct\u00fclmesi planlanmaktad\u0131r. Ayn\u0131 zamanda projemiz Milli E\u011fitim Bakanl\u0131\u011f\u0131 2024 \/ 52 say\u0131l\u0131 y\u00f6nergesinin %95&#8217;ini Cumhurba\u015fkanl\u0131\u011f\u0131 2024 \/ 5 say\u0131l\u0131 genelgesinin ana unsurunu olu\u015fturmaktad\u0131r. \u00d6NLEME TESP\u0130T TAK\u0130P TELAF\u0130 Okullarda, ailesi MT\u0130 oldu\u011fu tespit edilen \u00f6\u011frencilerin velilerine \u00f6\u011frencisinin okula devam\u0131n\u0131 sa\u011flamas\u0131 i\u00e7in alternatif se\u00e7enekler sunulacakt\u0131r. Ortaokul ve lise \u00f6\u011frencilerinin okuldan kopmamas\u0131 i\u00e7in pansiyon imk\u00e2n\u0131 sunulacakt\u0131r. \u00c7ocu\u011funu bakabilecek bir b\u00fcy\u00fc\u011f\u00fc ile evde b\u0131rakacak imk\u00e2n\u0131 varsa, ihtiya\u00e7 sahibi ailelerin SYDV \u00fczerinden desteklenmeleri sa\u011flanacakt\u0131r. Aileleri, mevsimlik tar\u0131m i\u015f\u00e7isiyken okul hayat\u0131na devam etmi\u015f ve ba\u015far\u0131l\u0131 olmu\u015f rol model ki\u015filerin seminerlerle s\u00fcrece katk\u0131da bulunmalar\u0131 sa\u011flanacakt\u0131r. \u015eanl\u0131urfa\u2019dan di\u011fer illere g\u00f6\u00e7 eden ve il s\u0131n\u0131rlar\u0131 i\u00e7erisinde aileleriyle birlikte mevsimlik tar\u0131ma gitmek zorunda kalan \u00f6\u011frenciler tespit edilecektir. \u00d6\u011frencilerin say\u0131sal verileri tutulacak ve takipleri sa\u011flanacakt\u0131r. \u0130l i\u00e7i ve il d\u0131\u015f\u0131 giden \u00f6\u011frencilerin gittikleri yerler, bu yerlerde kalma s\u00fcreleri ve bu yerlerdeki e\u011fitim imk\u00e2nlar\u0131 tespit edilecektir. MT\u0130 aileleri \u00f6\u011frencilerinin e\u011fitim s\u00fcre\u00e7lerinin etkili bir \u015fekilde y\u00f6nlendirilmesi ve desteklenmesi i\u00e7in belirli bir takip s\u00fcreci planlanm\u0131\u015ft\u0131r. Bu s\u00fcrecin amac\u0131; \u00f6\u011frencilerin e\u011fitimde s\u00fcreklili\u011fini sa\u011flamak, olas\u0131 aksakl\u0131klar\u0131 erken tespit etmek ve gerekli m\u00fcdahaleleri zaman\u0131nda yapmakt\u0131r. Takip s\u00fcreci il i\u00e7i ve il d\u0131\u015f\u0131 olarak planlanm\u0131\u015ft\u0131r. Telafi s\u00fcreci MT\u0130 olarak il i\u00e7i v e ilimiz d\u0131\u015f\u0131na giden \u00f6\u011frencilerin geldikleri andan itibaren e\u011fitim-\u00f6\u011fretim durumlar\u0131na g\u00f6re eksikliklerini tamamlamaya odaklanarak planlanm\u0131\u015ft\u0131r.<\/p>\n","protected":false},"author":1,"featured_media":0,"parent":0,"menu_order":0,"comment_status":"closed","ping_status":"closed","template":"","meta":{"footnotes":""},"class_list":["post-104","page","type-page","status-publish","hentry"],"_links":{"self":[{"href":"https:\/\/akcakaleaybis.com\/bigep\/wp-json\/wp\/v2\/pages\/104","targetHints":{"allow":["GET"]}}],"collection":[{"href":"https:\/\/akcakaleaybis.com\/bigep\/wp-json\/wp\/v2\/pages"}],"about":[{"href":"https:\/\/akcakaleaybis.com\/bigep\/wp-json\/wp\/v2\/types\/page"}],"author":[{"embeddable":true,"href":"https:\/\/akcakaleaybis.com\/bigep\/wp-json\/wp\/v2\/users\/1"}],"replies":[{"embeddable":true,"href":"https:\/\/akcakaleaybis.com\/bigep\/wp-json\/wp\/v2\/comments?post=104"}],"version-history":[{"count":43,"href":"https:\/\/akcakaleaybis.com\/bigep\/wp-json\/wp\/v2\/pages\/104\/revisions"}],"predecessor-version":[{"id":410,"href":"https:\/\/akcakaleaybis.com\/bigep\/wp-json\/wp\/v2\/pages\/104\/revisions\/410"}],"wp:attachment":[{"href":"https:\/\/akcakaleaybis.com\/bigep\/wp-json\/wp\/v2\/media?parent=104"}],"curies":[{"name":"wp","href":"https:\/\/api.w.org\/{rel}","templated":true}]}}